{"id":6,"date":"2023-10-30T23:37:07","date_gmt":"2023-10-31T02:37:07","guid":{"rendered":"https:\/\/paodecasa.meuanunciodigital.com.br\/?page_id=6"},"modified":"2025-02-18T16:36:43","modified_gmt":"2025-02-18T19:36:43","slug":"link-bio","status":"publish","type":"page","link":"https:\/\/paodecasa.meuanunciodigital.com.br\/","title":{"rendered":"link bio"},"content":{"rendered":"\t\t<div data-elementor-type=\"wp-page\" data-elementor-id=\"6\" class=\"elementor elementor-6\">\n\t\t\t\t\t\t\t<div class=\"elementor-element elementor-element-9855066 e-con-full e-flex e-con e-parent\" data-id=\"9855066\" data-element_type=\"container\" data-settings=\"{&quot;content_width&quot;:&quot;full&quot;,&quot;background_background&quot;:&quot;classic&quot;}\" data-core-v316-plus=\"true\">\n\t\t\t\t<div class=\"elementor-element elementor-element-be577eb elementor-widget elementor-widget-image\" data-id=\"be577eb\" data-element_type=\"widget\" data-widget_type=\"image.default\">\n\t\t\t\t<div class=\"elementor-widget-container\">\n\t\t\t<style>\/*! elementor - v3.17.0 - 25-10-2023 *\/\n.elementor-widget-image{text-align:center}.elementor-widget-image a{display:inline-block}.elementor-widget-image a img[src$=\".svg\"]{width:48px}.elementor-widget-image img{vertical-align:middle;display:inline-block}<\/style>\t\t\t\t\t\t\t\t\t\t\t\t<img fetchpriority=\"high\" decoding=\"async\" width=\"1024\" height=\"1024\" src=\"https:\/\/paodecasa.meuanunciodigital.com.br\/wp-content\/uploads\/2024\/01\/LOGO-PAO-DE-CASA_Prancheta-1-copia-9-1024x1024.png\" class=\"attachment-large size-large wp-image-153\" alt=\"\" srcset=\"https:\/\/paodecasa.meuanunciodigital.com.br\/wp-content\/uploads\/2024\/01\/LOGO-PAO-DE-CASA_Prancheta-1-copia-9-1024x1024.png 1024w, https:\/\/paodecasa.meuanunciodigital.com.br\/wp-content\/uploads\/2024\/01\/LOGO-PAO-DE-CASA_Prancheta-1-copia-9-300x300.png 300w, https:\/\/paodecasa.meuanunciodigital.com.br\/wp-content\/uploads\/2024\/01\/LOGO-PAO-DE-CASA_Prancheta-1-copia-9-150x150.png 150w, https:\/\/paodecasa.meuanunciodigital.com.br\/wp-content\/uploads\/2024\/01\/LOGO-PAO-DE-CASA_Prancheta-1-copia-9-768x768.png 768w, https:\/\/paodecasa.meuanunciodigital.com.br\/wp-content\/uploads\/2024\/01\/LOGO-PAO-DE-CASA_Prancheta-1-copia-9-1536x1536.png 1536w, https:\/\/paodecasa.meuanunciodigital.com.br\/wp-content\/uploads\/2024\/01\/LOGO-PAO-DE-CASA_Prancheta-1-copia-9-2048x2048.png 2048w\" sizes=\"(max-width: 1024px) 100vw, 1024px\" \/>\t\t\t\t\t\t\t\t\t\t\t\t\t\t\t<\/div>\n\t\t\t\t<\/div>\n\t\t\t\t<div class=\"elementor-element elementor-element-26674e2 elementor-widget elementor-widget-heading\" data-id=\"26674e2\" data-element_type=\"widget\" data-widget_type=\"heading.default\">\n\t\t\t\t<div class=\"elementor-widget-container\">\n\t\t\t<style>\/*! elementor - v3.17.0 - 25-10-2023 *\/\n.elementor-heading-title{padding:0;margin:0;line-height:1}.elementor-widget-heading .elementor-heading-title[class*=elementor-size-]>a{color:inherit;font-size:inherit;line-height:inherit}.elementor-widget-heading .elementor-heading-title.elementor-size-small{font-size:15px}.elementor-widget-heading .elementor-heading-title.elementor-size-medium{font-size:19px}.elementor-widget-heading .elementor-heading-title.elementor-size-large{font-size:29px}.elementor-widget-heading .elementor-heading-title.elementor-size-xl{font-size:39px}.elementor-widget-heading .elementor-heading-title.elementor-size-xxl{font-size:59px}<\/style><h2 class=\"elementor-heading-title elementor-size-default\">Selecione uma das op\u00e7\u00f5es abaixo:<\/h2>\t\t<\/div>\n\t\t\t\t<\/div>\n\t\t\t\t<div class=\"elementor-element elementor-element-a300153 elementor-mobile-align-center elementor-tablet-align-center elementor-widget elementor-widget-button\" data-id=\"a300153\" data-element_type=\"widget\" data-widget_type=\"button.default\">\n\t\t\t\t<div class=\"elementor-widget-container\">\n\t\t\t\t\t<div class=\"elementor-button-wrapper\">\n\t\t\t<a class=\"elementor-button elementor-button-link elementor-size-lg\" href=\"https:\/\/paodecasa.meuanunciodigital.com.br\/index.php\/cardapio\/\">\n\t\t\t\t\t\t<span class=\"elementor-button-content-wrapper\">\n\t\t\t\t\t\t<span class=\"elementor-button-icon elementor-align-icon-left\">\n\t\t\t\t<i aria-hidden=\"true\" class=\"fas fa-book-open\"><\/i>\t\t\t<\/span>\n\t\t\t\t\t\t<span class=\"elementor-button-text\">Card\u00e1pio Digital<\/span>\n\t\t<\/span>\n\t\t\t\t\t<\/a>\n\t\t<\/div>\n\t\t\t\t<\/div>\n\t\t\t\t<\/div>\n\t\t\t\t<div class=\"elementor-element elementor-element-b24ac86 elementor-mobile-align-center elementor-tablet-align-center elementor-widget elementor-widget-button\" data-id=\"b24ac86\" data-element_type=\"widget\" data-widget_type=\"button.default\">\n\t\t\t\t<div class=\"elementor-widget-container\">\n\t\t\t\t\t<div class=\"elementor-button-wrapper\">\n\t\t\t<a class=\"elementor-button elementor-button-link elementor-size-lg\" href=\"https:\/\/api.whatsapp.com\/send?phone=5589999717692&#038;text=Ola%20gostaria%20de%20fazer%20um%20pedido\">\n\t\t\t\t\t\t<span class=\"elementor-button-content-wrapper\">\n\t\t\t\t\t\t<span class=\"elementor-button-icon elementor-align-icon-left\">\n\t\t\t\t<i aria-hidden=\"true\" class=\"fab fa-whatsapp\"><\/i>\t\t\t<\/span>\n\t\t\t\t\t\t<span class=\"elementor-button-text\">Fale Conosco<\/span>\n\t\t<\/span>\n\t\t\t\t\t<\/a>\n\t\t<\/div>\n\t\t\t\t<\/div>\n\t\t\t\t<\/div>\n\t\t\t\t<div class=\"elementor-element elementor-element-ac3b67f elementor-mobile-align-center elementor-tablet-align-center elementor-widget elementor-widget-button\" data-id=\"ac3b67f\" data-element_type=\"widget\" data-widget_type=\"button.default\">\n\t\t\t\t<div class=\"elementor-widget-container\">\n\t\t\t\t\t<div class=\"elementor-button-wrapper\">\n\t\t\t<a class=\"elementor-button elementor-button-link elementor-size-lg\" href=\"https:\/\/www.google.com\/search?q=pao+de+casa+picos&#038;sca_esv=578034219&#038;sxsrf=AM9HkKkAb-cxejrYXC59aPYiTw9rGmGmEw%3A1698724960526&#038;ei=YHxAZbLhH6Lc5OUP6PeR2A8&#038;ved=0ahUKEwiykd_Os5-CAxUiLrkGHeh7BPsQ4dUDCBE&#038;uact=5&#038;oq=pao+de+casa+picos&#038;gs_lp=Egxnd3Mtd2l6LXNlcnAiEXBhbyBkZSBjYXNhIHBpY29zMgIQJkj5J1AAWOAlcAN4AZABAJgB5QGgAfweqgEGMC45LjExuAEDyAEA-AEBwgIEECMYJ8ICBxAjGIoFGCfCAgsQABiABBixAxiDAcICCxAuGIAEGLEDGIMBwgINEC4YigUYsQMYgwEYQ8ICBxAuGIoFGEPCAgcQABiKBRhDwgINEAAYigUYsQMYgwEYQ8ICERAuGIAEGLEDGIMBGMcBGNEDwgILEC4YgwEYsQMYgATCAgoQLhiKBRixAxhDwgIEEAAYA8ICCBAuGIAEGLEDwgILEC4YgAQYxwEYrwHCAgYQLhgDGArCAhoQLhiDARixAxiABBiXBRjcBBjeBBjgBNgBAcICBRAAGIAEwgIHEAAYgAQYCsICChAuGIAEGLEDGArCAgoQABiABBixAxgKwgIKEAAYigUYsQMYQ8ICCBAAGIAEGLEDwgIEEC4YA8ICBRAuGIAEwgIHEC4YgAQYCsICBhAAGBYYHsICCBAAGBYYHhgK4gMEGAAgQYgGAboGBggBEAEYFA&#038;sclient=gws-wiz-serp#lrd=0x79c10f063c59cd3:0xe81b2bb3a2c4c79e,3,,,,\">\n\t\t\t\t\t\t<span class=\"elementor-button-content-wrapper\">\n\t\t\t\t\t\t<span class=\"elementor-button-icon elementor-align-icon-left\">\n\t\t\t\t<i aria-hidden=\"true\" class=\"fas fa-star\"><\/i>\t\t\t<\/span>\n\t\t\t\t\t\t<span class=\"elementor-button-text\">Nos Avalie<\/span>\n\t\t<\/span>\n\t\t\t\t\t<\/a>\n\t\t<\/div>\n\t\t\t\t<\/div>\n\t\t\t\t<\/div>\n\t\t\t\t<div class=\"elementor-element elementor-element-88668d2 elementor-mobile-align-center elementor-tablet-align-center elementor-widget elementor-widget-button\" data-id=\"88668d2\" data-element_type=\"widget\" data-widget_type=\"button.default\">\n\t\t\t\t<div class=\"elementor-widget-container\">\n\t\t\t\t\t<div class=\"elementor-button-wrapper\">\n\t\t\t<a class=\"elementor-button elementor-button-link elementor-size-lg\" href=\"https:\/\/www.google.com.br\/maps\/place\/Cafeteria+P%C3%A3o+de+Casa\/@-7.0864451,-41.4729718,17z\/data=!4m8!3m7!1s0x79c10f063c59cd3:0xe81b2bb3a2c4c79e!8m2!3d-7.0864504!4d-41.4703969!9m1!1b1!16s%2Fg%2F11f4ql9x4w?entry=ttu\">\n\t\t\t\t\t\t<span class=\"elementor-button-content-wrapper\">\n\t\t\t\t\t\t<span class=\"elementor-button-icon elementor-align-icon-left\">\n\t\t\t\t<i aria-hidden=\"true\" class=\"fas fa-map-marked-alt\"><\/i>\t\t\t<\/span>\n\t\t\t\t\t\t<span class=\"elementor-button-text\">Onde Estamos<\/span>\n\t\t<\/span>\n\t\t\t\t\t<\/a>\n\t\t<\/div>\n\t\t\t\t<\/div>\n\t\t\t\t<\/div>\n\t\t\t\t<div class=\"elementor-element elementor-element-7687453 elementor-widget elementor-widget-heading\" data-id=\"7687453\" data-element_type=\"widget\" data-widget_type=\"heading.default\">\n\t\t\t\t<div class=\"elementor-widget-container\">\n\t\t\t<h2 class=\"elementor-heading-title elementor-size-default\">P\u00e3o de Casa<\/h2>\t\t<\/div>\n\t\t\t\t<\/div>\n\t\t\t\t<\/div>\n\t\t\t\t\t\t\t<\/div>\n\t\t","protected":false},"excerpt":{"rendered":"<p>Selecione uma das op\u00e7\u00f5es abaixo: Card\u00e1pio Digital Fale Conosco Nos Avalie Onde Estamos P\u00e3o de Casa<\/p>\n","protected":false},"author":1,"featured_media":0,"parent":0,"menu_order":0,"comment_status":"closed","ping_status":"open","template":"elementor_canvas","meta":{"site-sidebar-layout":"default","site-content-layout":"","ast-site-content-layout":"","site-content-style":"default","site-sidebar-style":"default","ast-global-header-display":"","ast-banner-title-visibility":"","ast-main-header-display":"","ast-hfb-above-header-display":"","ast-hfb-below-header-display":"","ast-hfb-mobile-header-display":"","site-post-title":"","ast-breadcrumbs-content":"","ast-featured-img":"","footer-sml-layout":"","theme-transparent-header-meta":"","adv-header-id-meta":"","stick-header-meta":"","header-above-stick-meta":"","header-main-stick-meta":"","header-below-stick-meta":"","astra-migrate-meta-layouts":"","ast-page-background-enabled":"default","ast-page-background-meta":{"desktop":{"background-color":"var(--ast-global-color-4)","background-image":"","background-repeat":"repeat","background-position":"center center","background-size":"auto","background-attachment":"scroll","background-type":"","background-media":"","overlay-type":"","overlay-color":"","overlay-gradient":""},"tablet":{"background-color":"","background-image":"","background-repeat":"repeat","background-position":"center center","background-size":"auto","background-attachment":"scroll","background-type":"","background-media":"","overlay-type":"","overlay-color":"","overlay-gradient":""},"mobile":{"background-color":"","background-image":"","background-repeat":"repeat","background-position":"center center","background-size":"auto","background-attachment":"scroll","background-type":"","background-media":"","overlay-type":"","overlay-color":"","overlay-gradient":""}},"ast-content-background-meta":{"desktop":{"background-color":"var(--ast-global-color-5)","background-image":"","background-repeat":"repeat","background-position":"center center","background-size":"auto","background-attachment":"scroll","background-type":"","background-media":"","overlay-type":"","overlay-color":"","overlay-gradient":""},"tablet":{"background-color":"var(--ast-global-color-5)","background-image":"","background-repeat":"repeat","background-position":"center center","background-size":"auto","background-attachment":"scroll","background-type":"","background-media":"","overlay-type":"","overlay-color":"","overlay-gradient":""},"mobile":{"background-color":"var(--ast-global-color-5)","background-image":"","background-repeat":"repeat","background-position":"center center","background-size":"auto","background-attachment":"scroll","background-type":"","background-media":"","overlay-type":"","overlay-color":"","overlay-gradient":""}},"footnotes":""},"_links":{"self":[{"href":"https:\/\/paodecasa.meuanunciodigital.com.br\/index.php\/wp-json\/wp\/v2\/pages\/6"}],"collection":[{"href":"https:\/\/paodecasa.meuanunciodigital.com.br\/index.php\/wp-json\/wp\/v2\/pages"}],"about":[{"href":"https:\/\/paodecasa.meuanunciodigital.com.br\/index.php\/wp-json\/wp\/v2\/types\/page"}],"author":[{"embeddable":true,"href":"https:\/\/paodecasa.meuanunciodigital.com.br\/index.php\/wp-json\/wp\/v2\/users\/1"}],"replies":[{"embeddable":true,"href":"https:\/\/paodecasa.meuanunciodigital.com.br\/index.php\/wp-json\/wp\/v2\/comments?post=6"}],"version-history":[{"count":160,"href":"https:\/\/paodecasa.meuanunciodigital.com.br\/index.php\/wp-json\/wp\/v2\/pages\/6\/revisions"}],"predecessor-version":[{"id":196,"href":"https:\/\/paodecasa.meuanunciodigital.com.br\/index.php\/wp-json\/wp\/v2\/pages\/6\/revisions\/196"}],"wp:attachment":[{"href":"https:\/\/paodecasa.meuanunciodigital.com.br\/index.php\/wp-json\/wp\/v2\/media?parent=6"}],"curies":[{"name":"wp","href":"https:\/\/api.w.org\/{rel}","templated":true}]}}